{"id":2495,"date":"2016-05-29T11:02:20","date_gmt":"2016-05-29T10:02:20","guid":{"rendered":"http:\/\/www.labaiedeslivres.com\/?page_id=2495"},"modified":"2025-06-25T19:15:12","modified_gmt":"2025-06-25T18:15:12","slug":"bibliographies-des-auteursillustrateurs","status":"publish","type":"page","link":"https:\/\/www.labaiedeslivres.com\/?page_id=2495","title":{"rendered":"Bibliographies 2025"},"content":{"rendered":"\n<div class=\"wp-block-columns are-vertically-aligned-center is-layout-flex wp-container-core-columns-is-layout-9d6595d7 wp-block-columns-is-layout-flex\">\n<div class=\"wp-block-column is-vertically-aligned-center is-layout-flow wp-block-column-is-layout-flow\" style=\"flex-basis:100%\">\n<h3 class=\"wp-block-heading\"><span style=\"color: #000000;\">T\u00e9l\u00e9chargez les bibliographies (indicatives) en cliquant sur leurs noms<\/span><\/h3>\n\n\n\n<div class=\"wp-block-group\"><div class=\"wp-block-group__inner-container is-layout-flow wp-block-group-is-layout-flow\">\n<div class=\"wp-block-columns is-layout-flex wp-container-core-columns-is-layout-9d6595d7 wp-block-columns-is-layout-flex\">\n<div class=\"wp-block-column is-layout-flow wp-block-column-is-layout-flow\" style=\"flex-basis:100%\">\n<figure class=\"wp-block-table aligncenter\"><table><tbody><tr><td class=\"has-text-align-center\" data-align=\"center\"><a href=\"https:\/\/www.labaiedeslivres.com\/wp-content\/uploads\/2025\/05\/ADRIANSEN-Sophie-Biblio.pdf\">ADRIANSEN Sophie<\/a><\/td><td class=\"has-text-align-center\" data-align=\"center\"><a href=\"https:\/\/www.labaiedeslivres.com\/wp-content\/uploads\/2025\/05\/ALBERT-Adrien-Biblio.pdf\">ALBERT Adrien<\/a><\/td><\/tr><tr><td class=\"has-text-align-center\" data-align=\"center\"><a href=\"https:\/\/www.labaiedeslivres.com\/wp-content\/uploads\/2025\/05\/AN-DAOU-DANGI-Ar-boufoun-hag-an-ozhach.pdf\">AN DAOU DANGI<\/a><\/td><td class=\"has-text-align-center\" data-align=\"center\"><a href=\"https:\/\/www.labaiedeslivres.com\/wp-content\/uploads\/2025\/05\/AR-BRAZ-Kristian.pdf\">AR BRAZ Kristian<\/a><\/td><\/tr><tr><td class=\"has-text-align-center\" data-align=\"center\"><a href=\"https:\/\/www.labaiedeslivres.com\/wp-content\/uploads\/2025\/05\/ARNAL-Magali-Biblio.pdf\">ARNAL Magali<\/a><\/td><td class=\"has-text-align-center\" data-align=\"center\"><a href=\"https:\/\/www.labaiedeslivres.com\/wp-content\/uploads\/2025\/05\/AYMON-Gael-Biblio.pdf\">AYMON Ga\u00ebl<\/a><\/td><\/tr><tr><td class=\"has-text-align-center\" data-align=\"center\"><a href=\"https:\/\/www.labaiedeslivres.com\/wp-content\/uploads\/2025\/05\/BEAUMONT-Geraldine-Biblio.pdf\">BEAUMONT G\u00e9raldine<\/a><\/td><td class=\"has-text-align-center\" data-align=\"center\"><a href=\"https:\/\/www.labaiedeslivres.com\/wp-content\/uploads\/2025\/05\/BEZIAT-Julien-Biblio.pdf\">BEZIAT Julien<\/a><\/td><\/tr><tr><td class=\"has-text-align-center\" data-align=\"center\"><a href=\"https:\/\/www.labaiedeslivres.com\/wp-content\/uploads\/2025\/05\/Biblio-Bisinki.pdf\">BISINSKI Pierrick<\/a><\/td><td class=\"has-text-align-center\" data-align=\"center\"><a href=\"https:\/\/www.labaiedeslivres.com\/wp-content\/uploads\/2025\/05\/CSIL-Biblio.pdf\">CSIL<\/a><\/td><\/tr><tr><td class=\"has-text-align-center\" data-align=\"center\"><a href=\"https:\/\/www.labaiedeslivres.com\/wp-content\/uploads\/2025\/05\/ELO-Biblio.pdf\">ELO<\/a><\/td><td class=\"has-text-align-center\" data-align=\"center\"><a href=\"https:\/\/www.labaiedeslivres.com\/wp-content\/uploads\/2025\/06\/Sebastien-Gendron-bibliographie-1.pdf\">GENDRON S\u00e9bastien<\/a><\/td><\/tr><tr><td class=\"has-text-align-center\" data-align=\"center\"><a href=\"https:\/\/www.labaiedeslivres.com\/wp-content\/uploads\/2025\/05\/GROSOS-Viriginie-biblio.pdf\">GROSOS Virginie<\/a><\/td><td class=\"has-text-align-center\" data-align=\"center\"><a href=\"https:\/\/www.labaiedeslivres.com\/wp-content\/uploads\/2025\/05\/LE-FOLL-Victor-Biblio.pdf\">LE FOLL Victor<\/a><\/td><\/tr><tr><td class=\"has-text-align-center\" data-align=\"center\"><a href=\"https:\/\/www.labaiedeslivres.com\/wp-content\/uploads\/2025\/05\/MONTEL-Anne-Biblio.pdf\">MONTEL Anne<\/a><\/td><td class=\"has-text-align-center\" data-align=\"center\"><a href=\"https:\/\/www.labaiedeslivres.com\/wp-content\/uploads\/2025\/05\/OURY-FLEUR-Biblio.pdf\">OURY Fleur<\/a><\/td><\/tr><tr><td class=\"has-text-align-center\" data-align=\"center\"><a href=\"https:\/\/www.labaiedeslivres.com\/wp-content\/uploads\/2025\/05\/PILORGET-Bruno-Biblio.pdf\">PILORGET Bruno<\/a><\/td><td class=\"has-text-align-center\" data-align=\"center\"><a href=\"https:\/\/www.labaiedeslivres.com\/wp-content\/uploads\/2025\/05\/PUYBARET-Eric-Biblio.pdf\">PUYBARET Eric<\/a><\/td><\/tr><tr><td class=\"has-text-align-center\" data-align=\"center\"><a href=\"https:\/\/www.labaiedeslivres.com\/wp-content\/uploads\/2025\/05\/SCHNELLBACH-Emma-Biblio.pdf\">SCHNELLBACH Emma<\/a><\/td><td class=\"has-text-align-center\" data-align=\"center\"><a href=\"https:\/\/www.labaiedeslivres.com\/wp-content\/uploads\/2025\/05\/VILLIOT-Bernard.pdf\">VILLIOT Bernard<\/a><\/td><\/tr><tr><td class=\"has-text-align-center\" data-align=\"center\"><a href=\"https:\/\/www.labaiedeslivres.com\/wp-content\/uploads\/2025\/05\/ZEUM-Anne-Biblio.pdf\">ZEUM Anne<\/a><\/td><td class=\"has-text-align-center\" data-align=\"center\"><\/td><\/tr><\/tbody><\/table><\/figure>\n<\/div>\n<\/div>\n<\/div><\/div>\n<\/div>\n<\/div>\n\n\n\n<p><\/p>\n","protected":false},"excerpt":{"rendered":"<p>T\u00e9l\u00e9chargez les bibliographies (indicatives) en cliquant sur leurs noms ADRIANSEN Sophie ALBERT Adrien AN DAOU DANGI AR BRAZ Kristian ARNAL Magali AYMON Ga\u00ebl BEAUMONT G\u00e9raldine BEZIAT Julien BISINSKI Pierrick CSIL ELO GENDRON S\u00e9bastien GROSOS Virginie&#8230;<\/p>\n","protected":false},"author":2,"featured_media":0,"parent":0,"menu_order":0,"comment_status":"closed","ping_status":"closed","template":"","meta":{"footnotes":""},"class_list":["post-2495","page","type-page","status-publish","hentry"],"_links":{"self":[{"href":"https:\/\/www.labaiedeslivres.com\/index.php?rest_route=\/wp\/v2\/pages\/2495","targetHints":{"allow":["GET"]}}],"collection":[{"href":"https:\/\/www.labaiedeslivres.com\/index.php?rest_route=\/wp\/v2\/pages"}],"about":[{"href":"https:\/\/www.labaiedeslivres.com\/index.php?rest_route=\/wp\/v2\/types\/page"}],"author":[{"embeddable":true,"href":"https:\/\/www.labaiedeslivres.com\/index.php?rest_route=\/wp\/v2\/users\/2"}],"replies":[{"embeddable":true,"href":"https:\/\/www.labaiedeslivres.com\/index.php?rest_route=%2Fwp%2Fv2%2Fcomments&post=2495"}],"version-history":[{"count":106,"href":"https:\/\/www.labaiedeslivres.com\/index.php?rest_route=\/wp\/v2\/pages\/2495\/revisions"}],"predecessor-version":[{"id":6224,"href":"https:\/\/www.labaiedeslivres.com\/index.php?rest_route=\/wp\/v2\/pages\/2495\/revisions\/6224"}],"wp:attachment":[{"href":"https:\/\/www.labaiedeslivres.com\/index.php?rest_route=%2Fwp%2Fv2%2Fmedia&parent=2495"}],"curies":[{"name":"wp","href":"https:\/\/api.w.org\/{rel}","templated":true}]}}